 factors of j.
2, 11
Let w(d) = 27*d + 32. Let v be w(12). Suppose 3*h - 3*f + 7*f = 527, -v = -2*h + 2*f. List the prime factors of h.
3, 59
Let l = -3029 + 5061. List the prime factors of l.
2, 127
Let k = -15 + 2213. What are the prime factors of k?
2, 7, 157
Suppose -2*d + 41 = -3*b, 4*d + 40 = -4*b + 3*d. Let j = -7 - b. List the prime factors of j.
2
Let n(f) = -f**2 + 4*f + 4. Let x be n(4). Suppose -x*j + 30 = -2*j. What are the prime factors of j?
3, 5
List the prime factors of 1/(((-6)/(-521))/6).
521
Suppose 1 - 13 = -2*n. Suppose 2*t - n = 4. Suppose 5 + 33 = 3*g + 4*s, s = t. What are the prime factors of g?
2, 3
Suppose -5*u - 157 = -4*p - 36, 0 = -4*p - 3*u + 145. Let t = 76 - p. What are the prime factors of t?
2, 3, 7
Suppose -214*s = -206*s - 1896. List the prime factors of s.
3, 79
Let v(p) = -5*p + 2. Let r be v(2). Let c be (-4)/(-16) - (-2)/r. Suppose -2*k + 34 = -c. What are the prime factors of k?
17
List the prime factors of -1*599/(-2)*(24 - 18).
3, 599
Let l be -4 + 1/(-1) + 8. Suppose 2*y - 606 = -r, 2*y + l*r = 3*y - 296. List the prime factors of y.
2, 151
Let n(g) = -9*g**2 + 2*g + 2. Let l be n(6). List the prime factors of (-5 - -7)*l/(-4).
5, 31
Let m(i) = -3*i - 3. Let s be m(11). Let b = 52 + s. List the prime factors of b.
2
What are the prime factors of ((-36)/27)/(8/18) + 3348?
3, 5, 223
What are the prime factors of 10 + 5631 - (-2 - (-5)/(-5))?
2, 17, 83
Let h(o) = 14*o + 144. What are the prime factors of h(13)?
2, 163
Let y be (1 - 24)/(7/(-63)). Let r = -116 + y. What are the prime factors of r?
7, 13
Let g(a) = 7*a + 6. Suppose 0 = 11*w - 55 - 121. List the prime factors of g(w).
2, 59
Let f(n) = 1726*n - 156. What are the prime factors of f(3)?
2, 3, 31
Let l(x) = 0*x - x + 11 - 2. Let y be l(4). What are the prime factors of -24*(y/(-3) - -1)?
2
List the prime factors of 1*(-9)/6*(-13000)/30.
2, 5, 13
Suppose -4*v = -v - 9. Let y be 7 + 0 + -3 + v. Suppose -2*s + y*s - 170 = 0. List the prime factors of s.
2, 17
Let u = -43 + 28. Let z be 20/(-25) + 93/u. List the prime factors of (-130)/z - 12/(-28).
19
Suppose -51*c + 32655 = -7992. List the prime factors of c.
797
Let p(w) = 3*w - 4. Let b be p(-2). List the prime factors of (-262)/(-5) + 4/b.
2, 13
Let p = 11 - 16. Let r be p - (-3)/(4/4). List the prime factors of ((-183)/(-6) + r)*2.
3, 19
Let f = 4 - -1. Suppose 5*i = 2*i - f*c - 15, 3*c = 3*i - 9. Suppose i*d + 4*b - 64 = -d, -3*b - 64 = -d. What are the prime factors of d?
2
List the prime factors of -1 - (2/5 + (-47920)/50).
3, 11, 29
What are the prime factors of 2/192*12 - (-17150)/16?
2, 67
List the prime factors of (-2519)/(-1) + (-3)/((-6)/2).
2, 3, 5, 7
Let s = 81 - 79. List the prime factors of ((-18)/(-45))/(s/700).
2, 5, 7
Suppose -15*k = 35*k - 211700. List the prime factors of k.
2, 29, 73
Let a(r) = r**2 + 14*r - 17. Let l be a(-12). Let d = -19 - l. What are the prime factors of d?
2, 11
Suppose 1 = 3*d + 7. Let w = d - -2. Suppose 0*l + 2*l - 46 = w. List the prime factors of l.
23
Let x = 1082 - 760. Let t = -100 + x. What are the prime factors of t?
2, 3, 37
Let a = 1666 + -878. List the prime factors of a.
2, 197
Let s = 94 + 13. Let b = s + -52. List the prime factors of b.
5, 11
Let f = -2683 + 5530. What are the prime factors of f?
3, 13, 73
List the prime factors of -13*(16/4 + -57).
13, 53
List the prime factors of (2154/8)/(90/240).
2, 359
Let j = 1005 - 231. List the prime factors of j.
2, 3, 43
Suppose 4*l = 2*y + 14, -4*y - 1 = -5*l + 21. Let k be 0/(-1) - -2 - 3. List the prime factors of 12/(y + k) - -64.
61
Let g(t) = -t**3 - 9*t**2 + 12. Suppose m - 3*m - 3*a = 6, -m = -a + 13. Let i be g(m). What are the prime factors of 15*(2 - i/9)?
2, 5
Let s(n) = -161*n + 9. List the prime factors of s(-3).
2, 3, 41
Let p be 2 + (-18)/(6/(-2)). Let c(a) = -8 - 6*a + 4*a + 5*a. List the prime factors of c(p).
2
Let n(r) be the first derivative of -1/4*r**4 + 28*r - 1/3*r**3 + 1 - 1/2*r**2. List the prime factors of n(0).
2, 7
Let k = 5 + -3. Let o = 4 + -1. Suppose k*v + 94 = o*x - 0*x, 5*v = -10. What are the prime factors of x?
2, 3, 5
Suppose 9*t + 144 = 33*t. Let h(x) = -x**3 + 4*x**2 + 6*x - 6. Let z be h(5). List the prime factors of 58*(9/t + z).
29
Let s = 189 + -151. What are the prime factors of s?
2, 19
Let l(p) = -p**2 - 8*p - 6. Let c be l(-8). Let h be 28/6 + c/9. Suppose -h*t = -0*s + 3*s - 112, -t = -s + 28. What are the prime factors of s?
2
Suppose -4*s + 12*s = 2720. List the prime factors of s.
2, 5, 17
Let y be (-354)/(-8)*(-8)/(-3). Suppose -4*u - y = -2*o, -37 = 4*o + 3*u - 262. Suppose 0 = -2*m - o + 175. List the prime factors of m.
59
Let u = 43 - -43. List the prime factors of u.
2, 43
Let f = -23 + 12. Let n(g) = -7*g + 15. List the prime factors of n(f).
2, 23
Let f(d) = d - 8. Let i be f(0). Let p = i + 12. Suppose 3*k = -w + 19, w - k - 11 = p*k. List the prime factors of w.
2
Suppose -3*v = -4*v - 8. Let u be 431/13 + v/52. Suppose -k + u = 5*n, -2*n + 102 = 5*k + 2*n. List the prime factors of k.
2, 3
Let b(r) = -r - 11. Let q be b(-13). Let j be (-2)/(((-8)/12)/q). Suppose -j*p + 48 = -2*p. What are the prime factors of p?
2, 3
Suppose 2*s - 10*m + 6*m - 556 = 0, -3*s + 814 = -2*m. List the prime factors of s.
2, 67
Let y(t) = 3*t**3 + t**2 + 10*t - 1. Let a be 0 - (-7 + 5 + -2). What are the prime factors of y(a)?
13, 19
Let c(a) = -a**2 + 12*a + 3. Let u be c(12). Suppose -5*l + 5*q + 1272 = u*q, -l + 257 = -3*q. What are the prime factors of l?
2, 127
Let b(d) = 2*d**2 + 5*d + 4. Let y be b(-2). Let z(r) = -r - 3. Let u be z(-7). Let s = y + u. What are the prime factors of s?
2, 3
Let l(o) = -o**3 - o**2 - o + 3. Let j be l(0). Suppose -j*x = -11 - 7. What are the prime factors of (-3)/6 - (-189)/x?
31
Let i = 18 - 10. Let j be -6*(i/2)/(-8). What are the prime factors of (18 - 3)/(j/2)?
2, 5
Let v be 2/10 + (-11)/((-110)/2598). What are the prime factors of v/4 + (-7 - -3)?
61
Suppose 28*u = 42*u - 3346. What are the prime factors of u?
239
Let i = 1724 + -556. List the prime factors of i.
2, 73
Suppose -i - 3*i - 28 = 0. Let h be (1/((-15)/(-48)))/(1/20). Let g = i + h. What are the prime factors of g?
3, 19
Let v(i) = -23*i**3 - 2*i**2 + 2*i - 1. Let k be v(1). Let r = k + -15. What are the prime factors of (0 + r)/(-5 + 4)?
3, 13
Let i = 14 + -10. Let m(f) = f**2 - 7*f + 6*f**2 - 2*f**2 - f**2 + i. What are the prime factors of m(3)?
19
Let y = 24 + -55. What are the prime factors of 2 + (y/(-1) - -1)?
2, 17
Suppose -2*i + 3*q + 153 = 0, -q - 3*q = 2*i - 146. Suppose -5*t + 50 + i = 0. What are the prime factors of t?
5
Suppose 5*f = f + 3948. What are the prime factors of f?
3, 7, 47
List the prime factors of (-7)/21*1 - 3512/(-6).
3, 5, 13
Let u(h) = 14*h**3 - 3*h**2 + 10*h. What are the prime factors of u(7)?
3, 5, 7
Let i(o) = -3*o**2 - 7*o + 2. Let r be i(-6). Suppose 5*a - 2*p = 28, -4*a + 16 = a + p. Let z = a - r. List the prime factors of z.
2, 17
Let s be 74 - (2 + -3)*-1. Let p = 169 - s. Suppose p = 2*b + 12. List the prime factors of b.
2, 3, 7
Let o(x) = x**3 - 22*x**2 - 84*x + 59. List the prime factors of o(27).
2, 359
Let i(n) = -n**3 - 8*n**2 + 4. Let h be i(-8). Let z be 372/h + 1 + 2. Suppose 3 = -3*p, -4*d + z = -2*p + 34. What are the prime factors of d?
3, 5
Let g(p) = -p**2 - 3*p - 1. Let y be g(-4). What are the prime factors of 5*y/(25/(-78))?
2, 3, 13
Suppose 0*o - 395 = 5*o. Let t = 222 + o. List the prime factors of t.
11, 13
Suppose -5*i = -865 + 350. List the prime factors of i.
103
Let z(a) = a**3 - 4*a**2 - a + 5. Let m be z(4). Let j(k) = 6*k - 1 + 4 - k**2 - m. List the prime factors of j(6).
2
Let n be 268*1/6*-3. What are the prime factors of (-2 + n/4)*-2?
71
Let q = -126 - -193. Suppose -q*i + 268 = -63*i. List the prime factors of i.
67
Suppose -4*x = -12, 3*g + 2 - 5 = 2*x. Suppose -100 = -g*k + 5*j, j = k - 11 - 21. What are the prime factors of k?
2, 3, 5
Suppose -3*z - 16 - 20 = 0. List the prime factors of 291/2 + 0 + z/24.
5, 29
Suppose -2*f - 873 = -z + 597, 4*z - 5*f = 5892. Let c = z + -2523. List the prime factors of (-1)/4 - c/20.
2, 13
Suppose 2 + 6 = -s - 5*m, -2*s = m + 7. Let v(d) be the first derivative of d**3/3 - d**2/2 - d - 2. What are the prime factors of v(s)?
11
